ber?
True
Is 23034181 a prime number?
True
Is 2530499 a prime number?
False
Is 682307459 composite?
False
Is 8796941 composite?
False
Is 174278419 a composite number?
True
Is 6970331 a prime number?
True
Is 157741069 prime?
True
Is 291431251 prime?
True
Is 1394591 a prime number?
False
Is 284494267 a composite number?
False
Is 61284079 a prime number?
False
Is 13338031 prime?
False
Is 1437481 a composite number?
False
Is 3364949 prime?
False
Is 79421753 prime?
True
Is 495143 a composite number?
True
Is 3370243 composite?
False
Is 53842297 composite?
False
Is 11344141 a prime number?
True
Is 657353919 a prime number?
False
Is 65022577 composite?
True
Is 66046 a prime number?
False
Is 116768551 a composite number?
True
Is 9510989 a prime number?
True
Is 47685223 a prime number?
False
Is 364731 a composite number?
True
Is 69598421 a prime number?
True
Is 186143927 a composite number?
False
Is 977269 composite?
False
Is 43904417 prime?
True
Is 28593559 prime?
True
Is 237929215 prime?
False
Is 66636677 a prime number?
True
Is 990167 prime?
False
Is 17878693 prime?
False
Is 24940391 composite?
True
Is 10342457 a composite number?
False
Is 31296767 a composite number?
True
Is 23517829 composite?
True
Is 113663737 a composite number?
True
Is 10359421 a prime number?
True
Is 129849007 prime?
False
Is 194297903 a composite number?
True
Is 2511833 a composite number?
True
Is 7431649 a composite number?
False
Is 1236901 prime?
True
Is 115435 a prime number?
False
Is 4340201 composite?
True
Is 10957697 composite?
True
Is 66145529 prime?
False
Is 929381 prime?
True
Is 210268081 prime?
False
Is 83197391 a prime number?
True
Is 31350203 composite?
False
Is 810673 composite?
True
Is 275109001 a prime number?
False
Is 1027194719 composite?
False
Is 16457873 prime?
False
Is 6521041 prime?
True
Is 2023787 a prime number?
False
Is 853472759 composite?
True
Is 21674749 a prime number?
True
Is 6213827 a prime number?
True
Is 1638331 a composite number?
False
Is 14051938 composite?
True
Is 9790553 a prime number?
False
Is 9648101 composite?
False
Is 2373773 a composite number?
False
Is 56404819 prime?
True
Is 80997701 prime?
False
Is 69114211 a prime number?
True
Is 51136381 prime?
True
Is 128796001 composite?
True
Is 505127 composite?
True
Is 40063783 composite?
True
Is 164193313 prime?
True
Is 5441855 prime?
False
Is 121347137 a composite number?
False
Is 140898413 a composite number?
True
Is 6838831 prime?
True
Is 18240563 a prime number?
False
Is 32852293 a composite number?
False
Is 483061 a composite number?
False
Is 212840477 prime?
False
Is 5081033 a composite number?
False
Is 22480717 prime?
False
Is 744755239 a prime number?
True
Is 876198209 a prime number?
True
Is 58967707 a composite number?
False
Is 3274529 prime?
True
Is 376231 composite?
False
Is 12814457 prime?
True
Is 96829 prime?
False
Is 7803937 a prime number?
True
Is 42723461 composite?
True
Is 30772303 composite?
True
Is 267298757 a prime number?
False
Is 148807 a prime number?
False
Is 110224427 a composite number?
True
Is 4766491 a prime number?
True
Is 2145047 composite?
False
Is 58389091 a composite number?
True
Is 1769687 a composite number?
False
Is 10538735 prime?
False
Is 11683145 prime?
False
Is 36858121 prime?
False
Is 177091 a prime number?
True
Is 12601733 composite?
False
Is 23152931 a composite number?
False
Is 13935853 a composite number?
False
Is 4481867 prime?
False
Is 3407991 composite?
True
Is 749445533 prime?
True
Is 242055889 composite?
False
Is 58811257 a prime number?
False
Is 216385853 prime?
True
Is 185183539 a prime number?
True
Is 29905222 composite?
True
Is 223794719 a prime number?
False
Is 60843499 a prime number?
False
Is 44760293 a prime number?
False
Is 4000013 composite?
True
Is 206966429 a prime number?
False
Is 39563189 a composite number?
False
Is 6233243 a composite number?
True
Is 1453847 a composite number?
False
Is 18438779 composite?
False
Is 451579 a composite number?
False
Is 32757581 prime?
True
Is 45308273 composite?
True
Is 23032067 a prime number?
True
Is 1446937 composite?
True
Is 371810963 composite?
True
Is 2350657 composite?
False
Is 15532381 a prime number?
False
Is 3015581 prime?
False
Is 154597259 prime?
False
Is 7268081 prime?
True
Is 196914257 a prime number?
True
Is 41365943 a composite number?
False
Is 298262621 prime?
True
Is 2549801 a composite number?
False
Is 128717129 prime?
True
Is 2640895633 a composite number?
True
Is 680862977 prime?
True
Is 364547 a prime number?
False
Is 512641 composite?
False
Is 195164863 a composite number?
False
Is 321730217 a prime number?
True
Is 545057 a composite number?
False
Is 539166599 a composite number?
True
Is 180413 composite?
False
Is 116885147 a prime number?
True
Is 16990639 composite?
False
Is 73129191 composite?
True
Is 1235902 composite?
True
Is 7544257 prime?
False
Is 934753 composite?
False
Is 128206157 composite?
False
Is 154812859 composite?
True
Is 3952873 a prime number?
True
Is 1965959 composite?
False
Is 33773569 a prime number?
True
Is 199337 a composite number?
False
Is 1402981 a prime number?
False
Is 38683721 composite?
True
Is 278246311 composite?
True
Is 1409503 a composite number?
False
Is 274403 composite?
False
Is 48807157 prime?
False
Is 1009483 a prime number?
True
Is 792338863 composite?
True
Is 8224099 a prime number?
False
Is 110407 prime?
False
Is 3326461 composite?
True
Is 19388309 a prime number?
True
Is 98153 a composite number?
True
Is 16338637 a composite number?
True
Is 4534769 prime?
False
Is 139649 a prime number?
False
Is 3564181 prime?
True
Is 4658047 composite?
False
Is 12356317 a composite number?
False
Is 4837919 prime?
True
Is 717107 prime?
False
Is 152980151 a prime number?
False
Is 5503373 a prime number?
True
Is 6430129 a prime number?
False
Is 1337501 a prime number?
False
Is 1785353 a prime number?
False
Is 118625123 a composite number?
False
Is 481501 prime?
True
Is 142096301 a composite number?
True
Is 178771585 prime?
False
Is 92099906 prime?
False
Is 2778433 prime?
False
Is 5009189 composite?
True
Is 11486467 a prime number?
True
Is 773765219 a composite number?
False
Is 168200878 a prime number?
False
Is 81839437 prime?
True
Is 366649 a composite number?
True
Is 6374873 composite?
False
Is 2414447 a composite number?
True
Is 19454927 a prime number?
True
Is 13908539 a composite number?
True
Is 231027341 prime?
False
Is 23201147 prime?
False
Is 16332137 prime?
True
Is 17762237 composite?
False
Is 39494627 a composite number?
False
Is 344978 a prime number?
False
Is 82140469 a prime number?
True
Is 4265551 a prime number?
False
Is 594059 a prime number?
False
Is 14166767 a prime number?
True
Is 116308222 a prime number?
False
Is 15588229 prime?
True
Is 66178234 a prime number?
False
Is 199769289 prime?
False
Is 2926354 prime?
False
Is 3400271 a prime number?
False
Is 1665373 prime?
False
Is 16646657 a composite number?
False
Is 811000969 a composite number?
True
Is 14932763 prime?
True
Is 10332962 a composite number?
True
Is 46512731 a composite number?
True
Is 199647259 prime?
False
Is 3344321 composite?
False
Is 1435129 a prime number?
True
Is 7819589 prime?
False
Is 2063651 a prime number?
True
Is 1378129 a composite number?
False
Is 128186602 composite?
True
Is 13342299 composite?
True
Is 1724721 a composite number?
True
Is 18930313 a prime number?
False
Is 12285727 a prime number?
False
Is 2702561 a prime number?
False
Is 5707491 a prime number?
False
Is 38548885 a composite number?
True
Is 15691537 a prime number?
True
Is 34068137 composite?
False
Is 8729769 composite?
True
Is 2491543 a prime number?
False
Is 188274239 a prime number?
False
Is 648371 prime?
True
Is 3259702 a composite number?
True
Is 56222302 prime?
False
Is 302051 prime?
False
Is 1766733 a prime number?
False
Is 282109 a prime number?
False
Is 2626591 a prime number?
False
Is 44984699 a composite number?
False
Is 68389229 a prime number?
True
Is 82843087 prime?
True
Is 15541919 prime?
False
Is 43882105 composite?
True
Is 371121913 composite?
False
Is 7919017 prime?
False
Is 291338329 a prime number?
False
Is 692084245 composite?
True
Is 33153251 a composite number?
False
Is 11712651 a composite number?
True
Is 15888449 prime?
True
Is 3394766 a prime number?
False
I